(z) be the second derivative of -z**3/6 + z**2/2 - z. Suppose -4*f - 2 = -14. Let g = f - -2. Determine d(g).
-4
Let o(y) = 3*y**2 - y. Let c(r) = -r. Let d be c(-1). Determine o(d).
2
Suppose o + 0*o + 3 = -3*z, 0 = -4*z + 3*o + 9. Let x(j) = -2 + 4*j + j - 6*j. Give x(z).
-2
Let c(h) be the second derivative of h**4/12 - h**3/6 - h**2/2 + 10*h. What is c(-1)?
1
Suppose 11*n + 24 = 9*n. Let h = n + 17. Let v(c) = c**3 - 4*c**2 - 5*c - 2. Give v(h).
-2
Let j(t) = t**2 + 6*t - 3. Let g(v) = -2*v**2 - 6*v + 3. Let d(i) = -2*g(i) - 3*j(i). Give d(2).
-5
Let w(k) = 3*k**3 - 5*k**3 + 3*k**3 - 6*k**2 - 15*k + 6 + 9*k. Calculate w(6).
-30
Let s = -6 + 5. Let o be s/(-2 - -3) - -4. Suppose 12 + 0 = -o*k. Let n(j) = -j**3 - 4*j**2 - 3*j - 5. What is n(k)?
7
Let l be (-78)/10 + (-3)/15. Let g = -10 - l. Let n(m) = -m**2 + 2*m + 1. Determine n(g).
-7
Let n(v) be the third derivative of -v**5/60 - v**4/24 - 3*v**3/2 + 3*v**2. Let a be 0*(1 + -2) + 0. Calculate n(a).
-9
Let l(r) = -6*r**3 - 4*r**2 + 10*r - 5. Let s(b) = -5*b**3 - 3*b**2 + 8*b - 4. Let f(t) = 4*l(t) - 5*s(t). Suppose 0 = -3*k - 3*m, 2*k = -2*m + m. Give f(k).
0
Let p(d) = -2*d**3 + 5*d**2 - 9*d - 6. Let t(l) = -l**3 + 3*l**2 - 4*l - 3. Let q(n) = 2*p(n) - 5*t(n). What is q(3)?
-9
Let b = 16 + -9. Let u be (-36)/(-28) + (-2)/b. Let d(j) = j - 2. What is d(u)?
-1
Suppose -2*b = 5*q - 0*b, 5*b = 0. Suppose q = -3*k + 4*k - 3*x - 2, 0 = x - 1. Let y(f) = -f**3 + 5*f**2 + f - 3. Calculate y(k).
2
Let f(l) = 6*l - 1. Let c(y) = -14*y**2 - 32*y - 32. Let k(p) = 5*p**2 + 11*p + 11. Let g(a) = -6*c(a) - 17*k(a). Let u = 14 + -8. Let r be g(u). Give f(r).
-7
Let k(j) = -j**3 - 4. Let b be k(0). Let f(x) = x**2 + 5*x + 4. Determine f(b).
0
Let t(j) be the second derivative of -j**5/20 - j**4/3 + j**3/2 - 3*j**2/2 - 28*j. Calculate t(-5).
7
Let i be (-1)/5*3 - 36/(-10). Let q(z) = -z**3 + z**2 + 4*z - 1. What is q(i)?
-7
Let v(x) = 36*x + x**3 - 19*x - 13*x + 7 - 6*x**2. Give v(5).
2
Let u(l) = -l**3 + 10*l**2 - 8. Let o be u(10). Let w(p) = p**2 + 7*p - 3. Let b be w(o). Let f(g) = -2*g + 6. Determine f(b).
-4
Suppose -2*m = 7 + 3, -g - 17 = 2*m. Let r(n) = -n**3 - 6*n**2 + 5*n - 9. Determine r(g).
5
Let r = -5 - -6. Let w(q) be the first derivative of 1/3*q**3 + 1/4*q**4 - q**2 + q + 1. Give w(r).
1
Let y(k) = -k. Let w = -2 + -1. Give y(w).
3
Let n = -84 - -82. Let z(i) = -2*i**3 + i**2 - 2*i - 3. Calculate z(n).
21
Let q(l) = l**2 + 3*l - 1. Let o = 1 - -1. Give q(o).
9
Suppose -i - i = 0, 0 = 4*m + 2*i. Let p(t) = t - 4. Calculate p(m).
-4
Let k(s) = 11 + 231*s + 0 - 232*s. Give k(6).
5
Let u be (3/3)/2*0. Let y be u*(-3)/24*-4. Let p(a) = -4*a**2 - 4*a + 31. Let b(j) = j**2 + j - 10. Let x(t) = -7*b(t) - 2*p(t). Determine x(y).
8
Let p(w) = 3*w - 3. Let z = 6 - 2. Let a be p(z). Suppose 0*k - 4*k - 4 = 0, a = -m - 4*k. Let i(h) = h**2 + 7*h. Determine i(m).
-10
Let w(j) = -j**3 - j + 1. Suppose 0 = 4*n + d - 3 - 6, 0 = -4*n - 5*d + 29. Let i(h) = 2*h**3 + 6*h**2 + h - 7. Let b(g) = n*i(g) + w(g). What is b(-6)?
-6
Let v(q) = -2*q + 2. Let d(z) = -9*z + 10. Let g(o) = d(o) - 6*v(o). Let f(p) = -3*p**2 - 4*p - 2*p + 4*p**2 + 3. Let r be f(6). Calculate g(r).
7
Let g(k) = 5*k + 7. Let j(b) = -5*b - 7. Let y(n) = 2*n + 3. Let o(m) = 3*j(m) + 7*y(m). Let v(d) = g(d) + 4*o(d). Let q be (0 + 1)/(2/(-6)). What is v(q)?
4
Suppose -g + 2*g = -6. Let c(x) = x**2 + 3*x - 6. Give c(g).
12
Suppose -1 = 4*h + 4*j + 11, 0 = 4*j + 16. Let c(a) = -15*a**2 + a + 21 - 21. What is c(h)?
-14
Let x(b) be the second derivative of -5/12*b**4 + 2/3*b**3 - 2*b - b**2 + 0. Determine x(2).
-14
Suppose -b = -j + 4*j + 5, 4*b + j = 24. Let y(f) = b*f + 0 - f - 5 - 3*f**2 + 2*f**2. Suppose -27 = -2*c + 5*q, 16 + 11 = 5*c + q. Determine y(c).
-5
Let d(s) be the first derivative of 1/4*s**4 - 3*s + 3/2*s**2 - 1 - 4/3*s**3. Let x be 1/(-2)*(-7 + -1). Determine d(x).
9
Let u(v) = 17*v**3 + v**2 + v + 1. Suppose -4*b - 2*m = -4*m, 3*m = 2*b - 4. Determine u(b).
-16
Let z(w) = -w - w + w**2 - 3*w. Calculate z(4).
-4
Let j(h) = -h**2 + 5*h + 1. Let x be j(6). Let k(u) = 5 - 6 + 6 + u + 0. What is k(x)?
0
Suppose -d = 4 - 1. Let v(g) = g**3 + 5*g**2 + 5*g + 3. Calculate v(d).
6
Let o(m) = m**2 + m + 1. Let g be o(-1). Let y(r) be the first derivative of g - 1/2*r**2 - 6*r. Calculate y(-5).
-1
Let q(f) be the third derivative of -f**7/2520 + 7*f**6/720 - 7*f**5/120 - f**4/6 - 5*f**2. Let i(u) be the second derivative of q(u). Calculate i(6).
-1
Let l(d) = 3*d**2. Let q be l(1). Let i(t) = -q - 3*t + 5*t - 3*t. What is i(-2)?
-1
Let s(x) be the second derivative of -x**5/20 - 2*x**4/3 - x**3/3 - 6*x**2 - 5*x + 2. What is s(-8)?
4
Let k(w) be the first derivative of -w**3/3 + 5*w**2/2 - 4*w + 58. Calculate k(4).
0
Suppose -15 = d - 3*y, -2*y + 6*y - 16 = 0. Let p(q) = -2*q**2 - q + 1. Calculate p(d).
-14
Let r(u) = -5*u**3. Let f be r(-1). Let p(m) = -2*m + 8. Let x(v) = -3*v + 12. Let s(j) = f*x(j) - 8*p(j). Let w = 33 - 30. Give s(w).
-1
Let a(y) = -y**3 - 7*y**2 - 9*y - 7. Let f be 8 - ((1 - 2) + 2). Suppose 2*n = f*n + 30. What is a(n)?
11
Let r(h) = 2*h**2 + 7*h + 2. Let o(j) = 5*j**2 + 20*j + 6. Let f(d) = -3*o(d) + 8*r(d). Let m be f(4). Let i(t) = -2*t**3 - t**2 + t - 2. Give i(m).
8
Let i(a) = -5*a**3 - 10*a**2 + 6*a + 8. Let p(z) = -3*z**3 - 5*z**2 + 3*z + 4. Let c(b) = -4*i(b) + 7*p(b). Give c(3).
5
Let y(q) = -3 + 2*q - q**2 - 5*q + 0*q**2 + 1. Let v be 14/6 - (-1)/(-3). Suppose -x + 18 = 4*i, -v*i - 4 = -3*x - 4*i. What is y(x)?
0
Let v(g) = -2*g - 1. Let h be v(-3). Let d = h + -3. Suppose 0 = -d*p - 2 - 4. Let c(k) = -k - 1. Determine c(p).
2
Let o(p) = 4*p + p**2 + 6 - 4 - 5*p - p**3. What is o(0)?
2
Let a(d) = 22*d - 7*d - 13*d. Suppose 0*x = -x + 1. Let y(i) = -2*i + 1. Let v be y(x). Calculate a(v).
-2
Let g(a) = -a**3 - a**2 - 6*a - 12. Let n(t) = t + 1. Let j(w) = -g(w) - 6*n(w). Let v(y) = -y**3 - 3*y**2 + 5*y + 4. Let c be v(-4). What is j(c)?
6
Suppose 5*r = 2*t + 2, -2*r - 2*r + 1 = -t. Let u(s) = s**2 + 13. Calculate u(r).
13
Let c(r) be the third derivative of 0*r - 1/6*r**3 + 3*r**2 + 0 + 1/8*r**4. Give c(-2).
-7
Let v(k) = k**3 - k**2 + 1. Let j be 1 - (-14)/(-4)*2. Let p(x) = -7*x**3 + 5*x**2 - 2*x - 7. Let o(b) = j*v(b) - p(b). Let z = 2 - 3. Calculate o(z).
-1
Let l(p) be the third derivative of -p**5/40 - p**4/24 + p**3/6 - 2*p**2. Let r(k) be the first derivative of l(k). Suppose -3*h = 2*h - 10. Calculate r(h).
-7
Suppose -l = -5*l - 5*x, -4*l - 3*x = 0. Let w(q) = -q**2 - 11. Determine w(l).
-11
Let s(i) = -7*i**2 + 0*i**3 - 3*i**3 - 7 + 0. Let u(t) = -7*t**3 - 15*t**2 + t - 15. Let j(l) = -5*s(l) + 2*u(l). Determine j(-5).
-5
Let b(a) = a**3 + 7*a**2 + 7*a + 3. Let r = -15 + 9. Calculate b(r).
-3
Let q = -10 - 6. Let k = 15 + q. Let s(d) = d - 9. Let i(a) = -a + 4. Let m(u) = -7*i(u) - 3*s(u). What is m(k)?
-5
Suppose -3*s = -2*s - 2*w + 2, s - 4*w + 8 = 0. Let j(f) = f**3 - 2*f**2 + 5*f + 1. Let d(t) = t**3 - 3*t**2 + 5*t + 2. Let m(x) = 3*d(x) - 2*j(x). Give m(s).
8
Let x(r) = 3*r**3 - r**2 - r - 1. Let w = 93 - 94. What is x(w)?
-4
Let o = -84 + 87. Let s(g) = -g**2 + 6*g - 4. What is s(o)?
5
Let g be 1/(-2 - 6/(-4)). Let y(w) = 9*w**3 - 4*w**2 + 15*w - 17. Let m(j) = -4*j**3 + 2*j**2 - 7*j + 8. Let s(k) = -13*m(k) - 6*y(k). What is s(g)?
4
Let y = 13 + -8. Let c(d) = d**2 - 8*d + 7. Determine c(y).
-8
Let p(a) = -a - 7. Suppose -6*f - 14 = -44. Calculate p(f).
-12
Let w = 100 + -101. Let k(t) = 6*t - t - 1 - 2*t. What is k(w)?
-4
Suppose -z = 3*z + 28. Let x = z + 13. Let j(r) = r - 3. What is j(x)?
3
Suppose -5 = -n - 0. Let j(m) be the third derivative of -m**4/24 - 6*m**2. Give j(n).
-5
Let l(m) = 29 - 3 - 2*m + 10*m + 18*m. Let s(q) = 5*q + 5. Let p(a) = -3*l(a) + 16*s(a). What is p(-2)?
-2
Let q(g) = g + 1. Let j be 2 + 1 + -2 + 1. Let v = 5 + j. Suppose -v*b = -8*b. What is q(b)?
1
Let n(j) be the second derivative of j**7/840 - j**6/120 - j**5/60 - j**4/12 - 5*j**3/6 - 6*j. Let v(z) be the second derivative of n(z). Determine v(4).
6
Let q(l) = 2*l - 3. Let d(o) = -6*o + 8. Let g(m) = 2*d(m) + 7*q(m). Calculate g(4).
3
Let s(r) = -1 + 3*r**2 - 2 - 4*r**2 + 5. Determine s(2).
-2
Let q(x) = 12*x + 8*x + x**2 + 0 - 13*x - 1. Determine q(-6).
-7
Let g be 6*(-2)/(-4) - -6. Let v(x) = 0*x + 4